 r - 3*y - d = 0, 5*y + 14 + 8 = 3*r. Let w(s) = s**3 - s**2 - s. Give w(r).
-1
Let n(u) be the third derivative of u**5/60 - 13*u**4/24 + 29*u**3/6 - u**2 - 18. Give n(11).
7
Let b(a) = -a - 6. Suppose 3*x = x + 40. Suppose -x + 0 = 2*m. Determine b(m).
4
Let l be (5/(-6))/(18/(-108)). Let f = 4 - l. Let d be f*(-2)/4*0. Let h(w) = -w**2 - w. Give h(d).
0
Let j(o) be the second derivative of o**4/6 - 11*o**3/6 - o**2/2 + 94*o. Determine j(6).
5
Let a be (0*3/9)/1. Suppose 5 = v - a. Let i(r) = -r + 7. Determine i(v).
2
Let n(x) be the third derivative of x**5/60 - x**4/6 - x**3 - 2*x**2 - 39. Let f(o) = -4*o**2 + 11*o + 19. Let k(s) = -2*f(s) - 7*n(s). Determine k(-6).
4
Let c(z) = 93*z + 8. Let d(t) = -77*t - 9. Let a(r) = 5*c(r) + 6*d(r). Calculate a(0).
-14
Let g(y) = 2*y + 2. Let c(p) = p - 2. Let w(u) = 5*c(u) + g(u). Calculate w(5).
27
Let k(m) be the second derivative of m**4/12 + 3*m**3/2 + 4*m**2 - 8*m - 15. Suppose -8 = -4*g - 40. Calculate k(g).
0
Let m(n) = n**2 + 6*n + 1. Suppose 84 = 5*g - 346. Let f = g + -91. What is m(f)?
-4
Let q = 466 + -471. Let p(i) = -i**2 - 7*i - 6. What is p(q)?
4
Suppose 42*b + 42 = 45*b. Suppose -78*x + 80*x = b. Let r(g) = g**2 - 8*g - 4. Determine r(x).
-11
Let i(p) be the second derivative of -p**4/12 - p**3/2 - 5*p**2/2 + 182*p. Give i(-6).
-23
Let h(a) = -6*a**3 + 8*a**2 + 4*a + 8. Let q(v) = -v**3 + v**2 + v + 1. Let w(m) = -h(m) + 5*q(m). What is w(3)?
0
Let r(v) = v**2 - v + 1. Let t(z) = z**2 + 1. Let s(y) = 3*r(y) - 4*t(y). Let l be s(-3). Let i(a) = 1 + 0*a - 70*a**2 + 2*a + 83*a**2. What is i(l)?
12
Let w(d) = -4 - 1 - 2*d**2 + 3 - 2*d. Let n(m) = 3*m**2 + m + 3. Let k(i) = 3*n(i) + 4*w(i). Suppose -3*y = -z - 13, 12 = 3*z - 3. Calculate k(y).
7
Let n(u) = -4*u - 16. Let s be n(-5). Let h(t) = -34*t - s + 40*t + 0 + 1. Calculate h(-3).
-21
Suppose 2*q - 4 = v - 13, 15 = -3*q. Let f(p) = -3*p - 6. Let u = -12 + 17. Let k(o) = -2*o - 7. Let d(r) = u*k(r) - 6*f(r). Determine d(v).
-7
Let y(k) = -4 + 320*k - k**2 + k**3 + 3*k**2 + 0 - 322*k. Determine y(-3).
-7
Let h(m) = m + 6. Suppose 0 = 9*w - 6*w. Suppose w = -3*v - 12. Determine h(v).
2
Let l = 78 + -35. Let k = l - 45. Let b(m) = -m**3 - m**2 - 2*m. Calculate b(k).
8
Let x(w) = w**2 - 9*w - 11. Let m(i) = -67*i + 345. Let r be m(5). Determine x(r).
-1
Let s(z) = z**3 - 2 - 5*z + 5*z**2 - 4*z + 12*z. Let m be s(-4). Let h(t) = 0*t**2 + 0*t**m + 9*t + 3 - t**2 - 12. Give h(7).
5
Let h(t) = -t + 1. Let r be -2 - (-4 - (2 - 3)). Suppose -5*v = -2*a + 19, 2 = 2*a + v + r. Let n be h(a). Let u(c) = -4*c**2 + 1. Give u(n).
-3
Let t(g) = -11*g - 4. Let n(a) = -12*a - 4. Let w(r) = -6*n(r) + 7*t(r). Let y(q) = -9*q - 7. Let l(v) = -10*w(v) + 6*y(v). What is l(-2)?
6
Suppose 0 = -2*d + 8 + 16. Let i be (-3)/(27/d - 3). Let j(k) = k + 4. Determine j(i).
8
Let p(l) = -l**3 + 6*l**2 - 2*l + 9. Let f be 3/(-15) + 548/(-10). Let h = -49 - f. Calculate p(h).
-3
Let l(q) = -q**2 - 7*q + 11. Suppose -3*w + 96 = -15*w. Determine l(w).
3
Let a(z) = 51*z**3 + 24*z - 5 - 24*z - 52*z**3. Give a(0).
-5
Let v(b) = 11 + 11 - 13 - 11 - 25*b. Determine v(2).
-52
Suppose 47 - 7 = 5*k. Let z be (k/(-20))/(-2 - 56/(-30)). Let v(q) = q + 1. Let b(d) = 5*d + 7. Let x(a) = -b(a) + 6*v(a). Determine x(z).
2
Let z be 10 - (1 - -1)/(2 + -4). Let t(m) = m + z*m + 3 - 11*m. What is t(-3)?
0
Let i(g) be the second derivative of 5*g**3/6 - g**2/2 + 9*g. Let j be i(2). Let o(s) = -s**2 + 1 + j + 2*s**3 - s**3. Determine o(0).
10
Suppose 4*h = 28 - 16. Let a(q) = 1158*q**3 + 3*q**2 - 1159*q**h - 6*q**2 - 3*q. Determine a(-2).
2
Let y(z) = z**2 + 3*z - 6. Let v be 85/(-34)*((-6)/(-2) + -1). Calculate y(v).
4
Let m(b) be the first derivative of -b**5/60 - 5*b**4/24 + b**3/6 - 9*b**2 - 18. Let u(p) be the second derivative of m(p). Determine u(-4).
5
Let l be (8 + (-84)/8)*2. Let j(p) = p**3 + 7*p**2 + 6*p. Calculate j(l).
20
Let b be 7 - (-4 - -2 - 1*-7). Let x(d) be the second derivative of 0*d**2 - 3/20*d**5 - 2*d + 0 + 0*d**3 + 1/4*d**4. Give x(b).
-12
Let r(y) be the second derivative of -y**7/2520 - 7*y**6/720 - y**5/120 + 5*y**4/12 + 12*y. Let f(c) be the third derivative of r(c). Determine f(-5).
9
Let q(w) = -5*w**2 + w + 1. Let o(c) = 2*c**3 + 15*c**2 + 6*c - 5. Let l be o(-7). Give q(l).
-17
Let q be 33/44 - 9/(-4). Let x(c) = -2 - 1 + 2*c - 4*c + c**2 + 0. Calculate x(q).
0
Suppose 6*t = 3*t - 36. Let f(k) = -k**3 - 12*k**2 + k - 7. Calculate f(t).
-19
Let y(g) = g**2 + g + 4. Let m be (-114)/(-4) + (-3)/(-6). Suppose -2*t - 32 = -4*j, 5*t - 2*t + 5*j + 103 = 0. Let b = m + t. Calculate y(b).
16
Let i(w) = w**3 - 100 + 2*w**2 + 101 + 0*w**3. Determine i(-3).
-8
Let q(c) = 3*c + 9. Let d(i) = -8*i - 18. Let k(s) = -4*d(s) - 9*q(s). Determine k(10).
41
Let r = -8 - -13. Let d(j) = -j + 10. Let n(c) = 2*c - 21. Let l(z) = -9*d(z) - 4*n(z). What is l(r)?
-1
Let o(s) = -295*s**2 + 32 + 5*s - 35 + 294*s**2. Determine o(1).
1
Let p(a) = -a**3 - a**2 + a + 7. Suppose -l = 3*l. Suppose l = 5*t + 20, 0 = -2*o - 6*t + 3*t. Suppose -q = -o*q. Determine p(q).
7
Let j(y) = 2*y - 8. Let b be ((-6)/21)/((-13)/273). What is j(b)?
4
Suppose -47*d + 70*d + 253 = 0. Let y(z) = z + 1. Calculate y(d).
-10
Suppose k + 12 = 4*a - 0*a, 0 = -3*a + 6. Let x(m) = -m**3 - 2*m**2 + 3*m - 10. Let v(t) = -t**3 - 2*t**2 + 3*t - 9. Let r(l) = 5*v(l) - 4*x(l). Determine r(k).
15
Let h(z) = 6*z + z**2 + 14*z + 5 + 12*z + 2 - 45*z. Give h(8).
-33
Let d(r) = -12*r + 9*r + 6*r - 12. Let k be d(6). Let q(a) = -a**3 + 6*a**2 + 2. What is q(k)?
2
Let m = -1 - -6. Let u(o) = -o**3 - o**2 + o. Let s(c) = 3*c**3 + 10*c**2 - 10*c - 4. Let b(h) = s(h) + 4*u(h). Determine b(m).
-9
Let j(v) = -11 - 6*v**2 - 2 - 3*v**2 - 12*v**2 + 7*v**2 - 2*v - v**3. Determine j(-14).
15
Let f be 1/3 - (-8 + (-111)/(-9)). Let i(z) = -z**2 - 4*z + 5. Determine i(f).
5
Let h(k) = -6*k - 7. Let r(p) = -7*p - 7. Let v(z) = 6*h(z) - 5*r(z). Let l(q) = -q**3 + 2*q**2 + q - 2. Let d be l(3). What is v(d)?
1
Let z(k) = -4*k - 3. Let w(r) = -20*r - 14. Let a(u) = 2*w(u) - 11*z(u). Let i(v) = 3*v - 35. Let x be i(9). Let q be (-9)/(-12) - (114/x)/(-3). Determine a(q).
-11
Let c = -368 - -372. Let i(n) be the third derivative of -1/12*n**c + 14*n**2 + 0*n - 1/60*n**6 + 1/30*n**5 + 0*n**3 + 0. Calculate i(2).
-12
Let c(k) be the first derivative of -5*k**3 - k - 427. Give c(-1).
-16
Let n(o) be the second derivative of o**4/12 + 5*o**3/6 - o**2 + 4*o - 47. Calculate n(-6).
4
Suppose 0 = 2*k - z + 21, 399*z + 20 = 395*z. Let h(a) = a**3 + 13*a**2 - 2*a - 22. Determine h(k).
4
Let d(w) be the third derivative of w**6/120 - 23*w**5/60 + w**4 - 47*w**3/6 - 586*w**2. Determine d(22).
-3
Suppose 2 = -0*n + n. Let g be -2 + ((-6)/n - -9). Let o(v) be the second derivative of -v**4/12 + v**3/2 + v**2/2 - 22*v. Determine o(g).
-3
Suppose -4*g = -3*g - 2. Suppose -g*i = -3*r - 0*i + 19, 5*i = -r - 22. Let p(k) = 3*k - 2. Give p(r).
7
Suppose 0 = d + 1 + 3. Suppose -2*m + 14 = 5*m. Let i(s) = 2*s**2 - 3*s**2 - 7*s**2 + m*s**2 - 5*s - s**3. Calculate i(d).
-12
Suppose 6*d + 25 = d. Let l(i) = 2 - 2*i - 4 + 4 + 3. Let a(v) = -3*v + 6. Let f(u) = d*l(u) + 4*a(u). Determine f(1).
-3
Suppose 210*j + 18 = 207*j. Let l(y) = -y - 12. Let r(b) = b + 12. Suppose -24 = -k - 5*s, 5*k = -0*k - 4*s + 36. Let w(d) = k*r(d) + 5*l(d). Calculate w(j).
-6
Let n(p) be the third derivative of -1/60*p**6 + 0 + 1/2*p**3 - 1/8*p**4 + 1/20*p**5 + 0*p - 6*p**2. Give n(2).
-7
Suppose 3*j = j - 30. Let o be j + 11 - 4*-2. Let s(n) = -n**2 + 2*n + 4. Give s(o).
-4
Let v(m) be the third derivative of -m**6/120 + m**5/15 + m**4/8 + 2*m**3/3 + 20*m**2 - 2*m. Calculate v(5).
-6
Suppose 4*x = n + 16 - 1, 4*x + n - 17 = 0. Let b be (0 - x)/(-8 + 6). Let s(a) = 5 + 3*a**2 - 4*a**b - 4 + 3*a - 6*a. Determine s(-3).
1
Let m(i) = 11*i**2 - 2*i - 1. Let t(s) = -s - 8. Let w = 12 - 19. Let j be t(w). Give m(j).
12
Let b(z) = 46*z**2 + 1 + 2*z**3 - 47*z**2 + 2*z + 9*z**3 - 3*z + 0*z. Calculate b(1).
10
Let k(s) = 16*s**2 - 22*s**2 - s**3 - 7*s - 2 - 1. Let b = 161 + -166. Give k(b).
7
Let h(t) be the second derivative of 2*t**3/3 - 12*t. Determine h(-1).
-4
Let v(b) = 6*b**3 + 18*b**3 - 5*b - 1 - 23*b**3 - 4. Give v(-2).
-3
Suppose -5 + 7 = -2*j - k, 2*k + 8 = 0. Let u(r) = 2 - 2*r - 3 - r + 0